factors of q?
59
Suppose 4*p + 3*b = 5*b + 1346, -1361 = -4*p - 3*b. Suppose 630 = 5*n - u, 5*n + 5*u = 322 + p. List the prime factors of n.
127
Suppose -6*c = 124 + 164. Let v be (-1)/(-3) - c/18. Suppose 0 = 4*k - 4*f - 221 - 15, -156 = -v*k - 4*f. What are the prime factors of k?
2, 7
What are the prime factors of -4 - ((-203)/(-87))/(1/(-21))?
3, 5
Let t(j) = 298*j - 408. List the prime factors of t(11).
2, 5, 7, 41
Let n be 108/(-15) + 36/(-45). Let q(w) = w + 5. Let z be q(-6). What are the prime factors of (-44)/z*(-4)/n?
2, 11
Suppose 55 = 5*x - 10. Suppose 5*r + 7 = -x. Let z = 13 + r. What are the prime factors of z?
3
Let k be ((-8)/20)/(1/10). Let z be (-52)/(-14) + k/(-14). Suppose -z*m + 216 = 36. What are the prime factors of m?
3, 5
Let d be 3/(6/(-2056)) - 1. Let o be (2/6)/(7/d). What are the prime factors of -7 + 6 + o/(-1)?
2, 3
Let p be 18*(-2)/(-18)*3. Let x be 44/16 - p/8. Suppose 4*d = x*l - d + 19, -l + d - 2 = 0. What are the prime factors of l?
3
Let j be (0 - (-10)/(-5)) + 13*-1. List the prime factors of (40/6 - 0)*(-162)/j.
2, 3
Let n(d) = d**2 - 7*d + 10. Suppose -28 + 10 = -3*f. What are the prime factors of n(f)?
2
Suppose s + 7*i - 10*i - 502 = 0, 0 = -5*s - i + 2526. List the prime factors of s.
5, 101
Let y be (-304)/(-24) - 4/6. List the prime factors of -4*(-2 - y - -3).
2, 11
List the prime factors of 4*-14*(5 - (-341)/(-44)).
2, 7, 11
Let v(x) = x**3 - 7*x**2 - 5*x + 4. Let n be v(7). Let w = 50 + n. List the prime factors of w.
19
Suppose 0 = -h, z = 2*z + 4*h + 30. Let j be (-95)/z - 1/6. Suppose -j*w - t + 2*t + 53 = 0, 3*w + 5*t = 77. What are the prime factors of w?
19
Suppose 0 = k - 4, 37*z - 38*z = -k - 1752. What are the prime factors of z?
2, 439
Suppose -5*p + 690 = -4*p - 2*q, -p + 675 = -5*q. List the prime factors of p.
2, 5, 7
Let x = -61 + 63. Suppose -x*w = -w - 77. What are the prime factors of w?
7, 11
Let p(q) = -q**3 - 4*q**2 + q - 5. Let b be p(-5). List the prime factors of ((-9)/b)/(2/(-60)).
2, 3
Suppose 2*c = -4*f + 256, -3*c = 5*f - 521 + 140. What are the prime factors of c?
2, 61
Suppose 9*m + 6*m = 360. What are the prime factors of m?
2, 3
Let p be 1*3 + (4 - 6). Let f = 11 - p. List the prime factors of (4/f)/((-2)/(-60)).
2, 3
Let x(z) = -80*z**2 + 6*z + 6. Let r be 4 + (2 - 5) + 2. Let t(o) = -16*o**2 + o + 1. Let w(j) = r*x(j) - 16*t(j). What are the prime factors of w(-2)?
2, 31
Suppose -2*l + 2 + 1094 = 0. List the prime factors of l.
2, 137
What are the prime factors of 116/522 + 493/9 + -1?
2, 3
Let d = 122 + -42. Let k = -2 + 1. List the prime factors of (k - -13)/(24/d).
2, 5
Suppose 106 - 619 = -3*m. Let i = -71 + m. List the prime factors of i.
2, 5
Suppose x = -c + 184, -27*x = -31*x - 3*c + 736. What are the prime factors of x?
2, 23
List the prime factors of (-8 - -13) + (352 - 0 - 1).
2, 89
Let v(x) = x**3 + 36*x**2 - x - 152. List the prime factors of v(-35).
2, 277
Suppose -15 = -3*r - f, -f = -2*f - 3. Suppose -r*l + 67 = -185. List the prime factors of l.
2, 3, 7
Suppose 2*h + 5*l = 7, -5*l + 13 = -2. Let v = h + -8. Let i = v - -29. What are the prime factors of i?
17
Let p(m) = -m**3 - 9*m**2 + 8*m - 23. Let r be p(-10). What are the prime factors of (-3)/(-6)*18*(-20)/r?
2, 3, 5
Let i(j) = -9*j - 10. Let m(b) be the second derivative of -b**3/6 + 3*b**2 + 4*b. Let c be m(10). List the prime factors of i(c).
2, 13
Let n(k) = -k**2 + 1. Let f(o) = 11*o**2 - o + 1. Let d(m) = f(m) + 2*n(m). What are the prime factors of d(2)?
37
Suppose 5*l + 9 = 3*g, 4*g - 2*g = 2*l + 6. Suppose 2 = -d, -3*d + 8*d = -g*b + 11. What are the prime factors of b?
7
Let y = 53 - -172. Suppose -5*j = -170 - y. Let d = -54 + j. List the prime factors of d.
5
Let d(a) = 6*a + 4. Let t be d(6). Let g = t - 24. Let r = 13 + g. List the prime factors of r.
29
Let g be 3/(-9)*-15 + -1. Suppose m - 440 = -g*i, -i + 29 = -3*m - 81. What are the prime factors of i?
2, 5, 11
Let x = 115 + -52. Let v = -41 + x. What are the prime factors of v?
2, 11
Let w = -50 + 52. Suppose c + 278 = 3*p, 0 = -p - w*c + 89 - 1. What are the prime factors of p?
2, 23
Suppose r + 127 = 2*v, -4*v - 4*r = 100 - 372. What are the prime factors of v?
5, 13
What are the prime factors of (-7)/4*8*(-38)/4?
7, 19
Let v(n) = 3*n**2 - 9*n - 75. Let f(r) = -2*r - 5. Let h be f(2). What are the prime factors of v(h)?
3, 83
Suppose 4*y + 3*g - 52 = 41, -3*y + 5*g = -106. Let o = y + -4. What are the prime factors of o?
23
Let s be (-32)/(-56)*(0 + 7). Suppose -45 = -4*y + 3*u + 79, -s*y - 2*u + 104 = 0. Suppose 4*t - 204 = y. List the prime factors of t.
2, 29
Suppose -3*p - 31 + 277 = 0. List the prime factors of p.
2, 41
Suppose 0 = 3*t - 2*y - 435, 0 = 2*t + 5*y - 145 - 126. What are the prime factors of t?
11, 13
Let w = -67 - -109. What are the prime factors of (144/w)/((-4)/(-42)) - -1?
37
Let h(g) = 141*g**2 + 5*g + 4. Let q(m) = -m**2 - 1. Let o(p) = h(p) + 6*q(p). List the prime factors of o(1).
2, 3, 23
List the prime factors of (-114 + (4 - 4))*(-372)/18.
2, 19, 31
Suppose 4*h - 111 = 3*m, -4*h + 3*m - 24 = -5*h. Let s be (2/(-6))/(5/(-705)). Suppose -s = -k - h. List the prime factors of k.
2, 5
Let h(x) = -x**2 - 80*x + 22. What are the prime factors of h(-52)?
2, 739
Let y = -63 + 219. Suppose -g + 2*a = -151, -3*a = -4*g + 3*g + y. List the prime factors of g.
3, 47
Let n(u) = 30*u - 4. Let z be n(2). Suppose -4*i = -0*i - z. What are the prime factors of i?
2, 7
What are the prime factors of 104/(-130) + 792/15?
2, 13
Suppose -3*j = 4*s - 3, 19 = 5*s - j + 1. Suppose -141 = -3*y + s*o, -3*y + 0*o + 5*o = -141. List the prime factors of y.
47
Suppose -2*k - 26 = 32. Let p = k - -42. Suppose -3*s + p + 5 = 0. List the prime factors of s.
2, 3
Let l be -1 - (0 + (0 - 4)). Suppose -y + 0*y = 5, l*o - 746 = -5*y. What are the prime factors of o?
257
Let i = 67 - -175. What are the prime factors of i?
2, 11
Let g = -18 + 16. Let c be 3/g*(-44)/6. Suppose 232 = 3*t - c. List the prime factors of t.
3
Let c = 1059 - 636. List the prime factors of c.
3, 47
Suppose 2 = f - 0. Suppose 1069 = 5*o + f*i + i, 863 = 4*o + 5*i. Suppose -17 = 5*v - o. What are the prime factors of v?
3, 13
Let u = 7 + -80. Let z = 192 + u. List the prime factors of z.
7, 17
List the prime factors of 2046 - 1/(1/5)*1.
13, 157
Let c(o) = -o**3 + 5*o**2 - 3*o - 2. Let b be c(4). Suppose -3*n - b*n = 5. What are the prime factors of (-12)/(-3) + (-1 - n)?
2
List the prime factors of ((-18)/(-10))/(3/2010).
2, 3, 67
Let w(r) = 2*r + 2. Suppose 4*n - 7*n + 10 = v, v = 2*n - 5. Let o be w(v). Suppose 5*g = g - 3*x + 44, 0 = g - 3*x + o. List the prime factors of g.
2
Let c(i) = 3*i - 1. Let a be c(2). Suppose 7 = a*s - 18. Let u(t) = -t**3 + 7*t**2 - 5*t + 4. What are the prime factors of u(s)?
29
Suppose 106*a + 4398 - 73192 = 0. List the prime factors of a.
11, 59
Let o(d) = -3977*d - 7. What are the prime factors of o(-1)?
2, 5, 397
Let v(y) = -8*y - 17. Let p be v(-5). Suppose p*i - 15*i - 664 = 0. List the prime factors of i.
83
Let s = 239 + -120. Let b = s + -53. What are the prime factors of b?
2, 3, 11
Let n be ((-12)/(-10))/(1/5). Suppose u - n*u = -265. Let k = 78 - u. List the prime factors of k.
5
Let a = -325 - -863. List the prime factors of a.
2, 269
Let k(a) = -3*a**3 - a**2 + a + 4. Suppose 0 = -3*b + 16 - 28. Let c be k(b). Suppose -6*u + 2*u = -c. List the prime factors of u.
2, 11
Suppose 4876 = 15*d - 2024. Suppose -d = -6*r + 428. List the prime factors of r.
2, 37
Suppose y - 5 = -7. Let t be (-228)/(-20) - y/(-5). Let m = t - -3. What are the prime factors of m?
2, 7
Let u be -15*(-4 + 44/12). Suppose u*o = 3*p + 695, 2*p - 228 - 306 = -4*o. List the prime factors of o.
2, 17
Suppose -3*w = -2*f - 19, 0*w + 2*w + f = 1. Suppose -5*l - 4*g = -79, 7 = -3*l - w*g + 55. List the prime factors of l/(-10)*22/(-3).
11
Let j(r) = -1. Let x(o) = -3*o + o - 4*o - 4 + 4*o. Let m(f) = 5*j(f) + x(f). What are the prime factors of m(-6)?
3
Let q(w) = -w**2 + 10*w + 7. Let s be q(10). Suppose -s*p = -9*p + 2. What are the prime factors of p/4 + (-956)/(-16)?
2, 3, 5
Suppose -2*l + 9 = -11*l. Let t(u) = -u**2 - 5*u + 3. Let c be t(-6). List the prime factors of (c - -2)/l + 12.
13
Suppose 0 = y - 2*j + 2, 6*j - 25 = j. Let s b